 be c(8). Let r(t) = y*t - 7*t - 1 + 2*t - 2*t**2. Determine r(-2).
-11
Let r(o) = -o - 24. Let f(g) = g + 25. Let b(p) = -3*f(p) - 4*r(p). Give b(-9).
12
Let l(x) be the second derivative of x**3/6 + 3*x**2/2 - 2*x + 27. Determine l(1).
4
Let i(d) be the first derivative of d**5/60 - d**4/8 + 5*d**3/6 - 13*d**2/2 + 16. Let a(v) be the second derivative of i(v). Determine a(5).
15
Let m = 3 - 1. Let u(c) = 0*c + c - 2 - 3*c**m - 4*c. Let b be (6/3 + 1)/((-9)/6). Determine u(b).
-8
Let m(u) be the first derivative of -7*u**2/2 + 2*u + 92. Suppose -3*c = -5*c - i + 5, 0 = i + 1. Calculate m(c).
-19
Let y(n) = -n**3 + 2*n**2 - 3*n + 2. Let f(m) = m**3 - 2*m**2 - 3*m + 1. Let c be f(3). Let j = -16 + 6. Let g be (-5)/(j/4)*c. Determine y(g).
-4
Suppose -3*b - 3*t = -7*b + 112, -4*b + 5*t + 112 = 0. Let u = b + -34. Let j(z) = z**2 + 7*z + 8. Give j(u).
2
Let q(b) = b**3 + 40*b**2 - 83*b + 45. Let l be q(-42). Let t(y) be the second derivative of 5/6*y**l - 3*y + 0 + 1/2*y**2. Calculate t(1).
6
Let o(n) be the first derivative of n**2/2 + n + 1533. Let m = -3 + 4. Let i be ((m - 1) + -2)*-2. Give o(i).
5
Let w(i) = -4*i - 2 + 3*i**2 + 5 + 2*i - 2*i**2. Suppose -3*s - 2*s = -65. Suppose 4*l + d + 1 = 8, l - s = 2*d. What is w(l)?
6
Let c = -8 - -6. Let u(y) = 5*y - 4. Let o(j) = j + 1. Let k(z) = 5*o(z) + u(z). What is k(c)?
-19
Let i(w) be the third derivative of w**6/120 - w**5/10 + w**4/6 - w**3/2 - 2*w**2. Suppose -13 = -m - 2*b, m + b - 17 = -3*m. Suppose -5 = -m*v + 10. Give i(v).
-8
Let r(z) = 16*z**3 - 14*z**2 - 40*z - 8. Let a(w) = 7*w**3 - 7*w**2 - 19*w - 4. Let x(m) = 9*a(m) - 4*r(m). What is x(-5)?
1
Let n(w) = 5 - 14*w**2 + 2*w - w - 4 + w**2 + 12*w**2. Let j(m) = m - 2. Let a be j(-2). Determine n(a).
-19
Let x(o) = -13 + 9 - 1 + 2*o + 4. Suppose -17 = -5*r - 4*s, 3*r - 4*s + 4 = -5. Let d = r - 2. Give x(d).
-3
Let k(m) = 9*m + 9*m - 2*m**2 - 4*m**2 - 27*m + 8*m. Give k(-1).
-5
Let m(d) = -3*d - 4. Let p be ((-2)/(-5))/(1/5). Suppose -3*b + h + 0*h = 7, 3*b - p*h + 11 = 0. Let t be (b - -7)*1/(-2). Calculate m(t).
5
Let w be 2/(1*42) + (-44)/(-154). Let o(x) be the first derivative of -3 - w*x**3 + 0*x**2 + 3*x. What is o(0)?
3
Let n(k) = 2. Let s(u) = u - 5. Let f(o) = 4*n(o) + s(o). Calculate f(6).
9
Let t(f) = f**2 - 3*f. Let l(r) = -r**3 + 2*r**2 + 2*r + 6. Let u be l(3). Give t(u).
0
Let d be ((-3)/(9/120))/(-1). Let p be (d/15)/(4/6). Let t(o) be the first derivative of o**2/2 - 3*o + 8. Give t(p).
1
Let b be (4 + -1)*(-12)/(-9). Let i(g) = -g**2 + 3*g - 4. Give i(b).
-8
Suppose 4*g = -2*r - 10, 2*g - 1 + 0 = r. Let q be (g/(-1))/(4/(-4)). Let h(l) = 12*l + 2*l**2 + 1 - 23*l + 13*l. Give h(q).
1
Let c(x) = -x**2 + 4*x + 2. Suppose 76 = 5*s - 4*m + 18, -2*s + 5*m = -13. Let k = s + -17. Let p be 135/(-30)*2/k. Give c(p).
5
Let s(x) = x**2 - x - 4. Suppose 16 = -13*j + 9*j. Determine s(j).
16
Let r(y) be the third derivative of y**6/360 + y**5/15 - 5*y**4/24 - 2*y**3/3 + 15*y**2. Let c(k) be the first derivative of r(k). Give c(-7).
-12
Let k = 941 + -936. Let u(y) = 0 + 4*y**2 - 6*y - 3*y**2 + 7. Give u(k).
2
Suppose -j - 2 = -1, 5*c - 121 = j. Suppose -2*r - r + 4 = -2*b, c = -b - 4*r. Let v(o) = 4*o + 4*o - 3*o**2 + 4*o**2 - 5. Determine v(b).
-5
Let z(b) = 3*b**2 + 1. Let m(o) = -o**3 + 16*o**2 - 28*o + 3. Let y be m(14). What is z(y)?
28
Let n(c) be the first derivative of 1/12*c**4 - c**2 + 4 + c + 4/3*c**3. Let k(l) be the first derivative of n(l). Give k(-6).
-14
Suppose 5*s - 5 = -2*y, 0 = -3*s - 5*y + 3. Let p(m) = -1096*m**3 - 10 - s + 1095*m**3. Determine p(0).
-11
Let l be ((-9)/9)/2*-4. Let h(r) = 5*r**2 - 2*r - 2. What is h(l)?
14
Let l(w) be the first derivative of 18*w**2 + w + 12. Give l(-1).
-35
Let n(w) = -2*w - 11. Suppose -2*p = d - 39, 6*p = 2*p + 3*d + 53. Let u = -22 + p. Let a be n(u). Let f(m) = -m**3 - 1. What is f(a)?
0
Let k(w) = -18 - 22*w**2 + 2*w**2 + 33 - 14 - 4*w**2. Determine k(1).
-23
Suppose -134 = 3*x - 200. Let f(c) = -3*c + 61. Calculate f(x).
-5
Let g(a) = -5*a**3 - 2*a**2 - 3*a + 8. Let y(z) = z**2 - 3*z + 39*z**3 - 23*z**3 - 4*z**2 - 20*z**3 + 7. Let c(w) = -3*g(w) + 4*y(w). What is c(-5)?
-6
Let k(m) = -m**2 - m + 3. Let w be (-76)/13 + (-42)/273. Calculate k(w).
-27
Let i(u) be the first derivative of u**2 - 1/4*u**4 - 2*u + 5 - 2/3*u**3. Determine i(-3).
1
Let j(q) = -3*q**2 + 1. Suppose 12 - 42 = -5*l + 5*t, -4*l - 3*t = -59. Let f be 5 - l - (-2 - 2). Determine j(f).
-11
Let x(c) = 2*c + 0*c**2 - c**2 + 2*c**2 + 3. Let j(q) = q + 11. Let w be j(-6). Let y be (1 - w) + (-12 - -13). Determine x(y).
6
Let c(w) be the third derivative of w**4/24 - w**3/6 - 29*w**2 - 2. What is c(-8)?
-9
Let g = -8 + 10. Suppose -l + 4 = -g*v - 5*l, -2 = 4*v + 5*l. Let t(i) = 2*i - 5*i + 2*i. Determine t(v).
-2
Let b(z) = -3*z**3 + 960*z**2 - 3*z + 2*z**3 + 6*z - 955*z**2. Determine b(5).
15
Suppose -b - 2*b - 2*d + 4 = 0, -3*b + 10 = -4*d. Let v(o) = -2*o + o - 2*o + b*o. Let c = 3 - 9. What is v(c)?
6
Let v(n) be the third derivative of -1/360*n**6 - 6*n**2 + 5/3*n**3 + 0 + 0*n - 1/8*n**4 + 1/120*n**5. Let f(k) be the first derivative of v(k). Calculate f(3).
-9
Let f(i) be the third derivative of -5/6*i**3 + 1/24*i**4 - 5*i**2 + 0 + 0*i. Give f(4).
-1
Let p(m) = -3 + 4*m**2 - m**3 + 2*m + 2*m**3 - 2*m**3 - 6 + 2*m**2. Determine p(6).
3
Let s(p) = -p**3 - 4*p**2 - 5*p - 2. Let m be (-3 - -1)*((-39)/6 - 3). Let j = -22 + m. Give s(j).
4
Let v(a) = a**3 + 19*a**2 + 16*a - 7. Let i(u) = u**3 + 13*u**2 + 8*u + 86. Let l be i(-13). Determine v(l).
29
Let t be (6/15)/(3/(-15)). Let y(k) = 4*k + 12. Let q(v) = -12*v - 33. Let j(u) = -3*q(u) - 8*y(u). What is j(t)?
-5
Let y(p) be the first derivative of -7 + 0*p + 2*p**2 + 1/3*p**3. Suppose -5*z + 10 - 20 = 0. Give y(z).
-4
Let l(v) = v**3 + 17*v**2 - 39*v - 20. Let g be l(-19). Let n(u) = -u**3 + 2*u**2 + 2*u + 1. Give n(g).
2
Let t(m) = -3*m - 2. Let j(q) = 4*q + 3. Let x(v) = -5*j(v) - 7*t(v). What is x(-7)?
-8
Suppose 0 = 5*o - 8*o - 6. Let q(k) be the second derivative of 1/12*k**4 + 0 - 2/3*k**3 + 2*k - 3/2*k**2. Calculate q(o).
9
Let q(m) = 374*m - m**2 + 3*m**2 + 2 - 379*m. Give q(5).
27
Let q(j) = j**3 + 9*j**2 + 16*j - 2. Let x be q(-6). Let u(t) = -t**3 + 11*t**2 - 12*t - 4. Calculate u(x).
-24
Let p(f) = f**3 - 11*f**2 - f + 8. Suppose -23*z - 22*z = -495. Calculate p(z).
-3
Let k(d) = -d**3 + 14*d**2 + 14*d + 14. Suppose 0 = 9*j - 37 - 98. Calculate k(j).
-1
Suppose 0 = 2*q + w - 19, -5*w - 9 = -21*q + 18*q. Let b(s) = 2*s + 3. What is b(q)?
19
Let g be 18/8 + 4/(-16). Let k(t) = -2*t - g*t - 3*t. Let m be (-4)/(-8) + 3/6. Calculate k(m).
-7
Let o = 13 + -1. Suppose o = 4*j - 0*j. Let t(a) = -a**j + 21*a + a**2 - 3*a**2 - 19*a + 2. Determine t(-3).
5
Let y(f) = 21*f. Let x(k) be the third derivative of -k**4/6 + k**2. Let z(g) = 14*x(g) + 3*y(g). Give z(1).
7
Let i(m) = -11*m + 2. Suppose -r + 39 - 45 = 0. Let u be ((-44)/55)/(r/15). What is i(u)?
-20
Let z(w) = 0*w**3 + 10 - 3*w**3 + 4*w**3 + 10. Let v be z(0). Let p = 19 - v. Let i(t) = -3*t + 1. Calculate i(p).
4
Let i(z) be the first derivative of 7*z**4 + 2*z**3/3 - z - 2. Give i(1).
29
Let c be (5/(25/(-6)))/(387/2580). Let q(u) = u**3 + u**2 - u - 1. Let p(z) = 8*z**2 + 10*z + 8. Let s(g) = p(g) + q(g). Calculate s(c).
-1
Suppose 3*g + 4 = 2*g, -10 = -2*f - g. Let y(m) = m + 16*m - 1 - f*m. Determine y(1).
9
Suppose 8 + 7 = 5*z + q, -2*z + 3*q = -23. Let n be z*(-10)/(-4) - 28/14. Let y(v) = v**2 - 8*v + 2. Determine y(n).
2
Let t(k) be the first derivative of -k**2/2 + 4*k - 1. Let h be (2/(-5))/(5/(-25)). Let g be h - (-4)/3*3. Determine t(g).
-2
Let u(n) = -n**3 + 4*n**2 - 3*n. Let r = -58 + 98. Let m = r + -37. Determine u(m).
0
Let d(y) = y**2 + 17*y + 43. Let f = 1056 + -1071. What is d(f)?
13
Let b(n) = n. Let s(v) = -v**2 - 10*v + 10. Let h(p) = -3*b(p) - s(p). Give h(-8).
-2
Suppose -b - p + 2*p + 4 = 0, 17 = 2*b - 5*p. Suppose b - 27 = -3*x + 4*o, -2*x + 5*o + 29 = 0. Let g(u) = 5*u**2 - 2*u**2 - 6*u**x. What is g(1)?
-3
Let r(m) = -m**2 + 13*m + 5. Let p be r(13). Suppose -d - 26 = -5*y, -42 = -p*y - 3*d - 0*d. Let s(c) = -c**3 + 6*c**2 - 3*c + 2. Give s(y).
-16
Let a(o) = 3*o**2 + o - 2. Let q(l) = -l**2 - 7*l + 6. Let m be (-2 + 14)*(-3)/4. Let r be q(m). Let s = 10 + r. G